{"id":28,"date":"2023-10-03T02:31:33","date_gmt":"2023-10-03T08:31:33","guid":{"rendered":"http:\/\/docus.balamsoftware.net:8060\/?page_id=28"},"modified":"2023-11-07T18:51:28","modified_gmt":"2023-11-08T00:51:28","slug":"principal","status":"publish","type":"page","link":"https:\/\/docus.balamsoftware.net\/","title":{"rendered":"Portada"},"content":{"rendered":"\n<p>En esta p\u00e1gina se integrar\u00e1 toda la descripci\u00f3n del sitio y ayudas para la documentaci\u00f3n de los proyectos y artefactos.<\/p>\n\n\n\n<p>Este sitio est\u00e1 reservado para la documentaci\u00f3n de todos los proyectos de Balam Software.<\/p>\n","protected":false},"excerpt":{"rendered":"<p>En esta p\u00e1gina se integrar\u00e1 toda la descripci\u00f3n del sitio y ayudas para la documentaci\u00f3n de los proyectos y artefactos. Este sitio est\u00e1 reservado para la documentaci\u00f3n de todos los proyectos de Balam Software.<\/p>\n","protected":false},"author":1,"featured_media":0,"parent":0,"menu_order":0,"comment_status":"closed","ping_status":"closed","template":"","meta":{"footnotes":""},"class_list":["post-28","page","type-page","status-publish",""],"_links":{"self":[{"href":"https:\/\/docus.balamsoftware.net\/index.php?rest_route=\/wp\/v2\/pages\/28","targetHints":{"allow":["GET"]}}],"collection":[{"href":"https:\/\/docus.balamsoftware.net\/index.php?rest_route=\/wp\/v2\/pages"}],"about":[{"href":"https:\/\/docus.balamsoftware.net\/index.php?rest_route=\/wp\/v2\/types\/page"}],"author":[{"embeddable":true,"href":"https:\/\/docus.balamsoftware.net\/index.php?rest_route=\/wp\/v2\/users\/1"}],"replies":[{"embeddable":true,"href":"https:\/\/docus.balamsoftware.net\/index.php?rest_route=%2Fwp%2Fv2%2Fcomments&post=28"}],"version-history":[{"count":3,"href":"https:\/\/docus.balamsoftware.net\/index.php?rest_route=\/wp\/v2\/pages\/28\/revisions"}],"predecessor-version":[{"id":37,"href":"https:\/\/docus.balamsoftware.net\/index.php?rest_route=\/wp\/v2\/pages\/28\/revisions\/37"}],"wp:attachment":[{"href":"https:\/\/docus.balamsoftware.net\/index.php?rest_route=%2Fwp%2Fv2%2Fmedia&parent=28"}],"curies":[{"name":"wp","href":"https:\/\/api.w.org\/{rel}","templated":true}]}}